e
Is 14 a multiple of 14?
True
Is 24 a factor of 4896?
True
Does 2 divide 800?
True
Is 32 a factor of 1280?
True
Does 13 divide 58193?
False
Is 469 a multiple of 4?
False
Is 99 a factor of 5118?
False
Does 3 divide 646?
False
Is 360 a multiple of 12?
True
Is 9 a factor of 3464?
False
Does 25 divide 11481?
False
Is 7 a factor of 663?
False
Does 87 divide 996?
False
Is 14 a factor of 2436?
True
Does 20 divide 24339?
False
Is 49816 a multiple of 166?
False
Is 25 a factor of 1413?
False
Does 51 divide 3366?
True
Is 696 a multiple of 4?
True
Does 10 divide 14570?
True
Does 6 divide 20970?
True
Is 4800 a multiple of 8?
True
Is 32 a factor of 2277?
False
Does 6 divide 226?
False
Is 1927 a multiple of 10?
False
Does 17 divide 1054?
True
Is 96 a factor of 9984?
True
Is 14675 a multiple of 83?
False
Does 64 divide 2496?
True
Is 37 a multiple of 3?
False
Does 26 divide 1036?
False
Is 855 a multiple of 9?
True
Is 50 a factor of 1750?
True
Is 15 a factor of 180?
True
Is 32 a factor of 4544?
True
Does 220 divide 106377?
False
Is 168 a multiple of 6?
True
Does 56 divide 100?
False
Is 136 a factor of 9442?
False
Is 147 a factor of 4733?
False
Is 62 a factor of 124?
True
Does 10 divide 100?
True
Is 1050 a multiple of 8?
False
Does 7 divide 7196?
True
Does 49 divide 1076?
False
Is 46 a factor of 3542?
True
Is 8 a factor of 1834?
False
Is 2 a factor of 145?
False
Is 396 a multiple of 44?
True
Is 22344 a multiple of 98?
True
Does 417 divide 4170?
True
Is 123 a factor of 3147?
False
Is 35 a factor of 4014?
False
Is 9 a factor of 2241?
True
Is 36 a factor of 24192?
True
Does 23 divide 4991?
True
Is 8 a factor of 3592?
True
Is 1460 a multiple of 74?
False
Is 12 a factor of 2555?
False
Is 232 a factor of 11287?
False
Is 12 a factor of 1462?
False
Is 6749 a multiple of 70?
False
Is 20 a factor of 646?
False
Does 63 divide 6362?
False
Does 41 divide 78948?
False
Is 223 a multiple of 6?
False
Does 9 divide 621?
True
Is 11 a factor of 141?
False
Is 1603 a multiple of 19?
False
Is 75 a factor of 5463?
False
Is 11 a factor of 275?
True
Is 120 a factor of 7920?
True
Is 34 a factor of 3201?
False
Does 6 divide 186?
True
Is 393 a factor of 85645?
False
Is 95 a multiple of 8?
False
Is 30 a factor of 9994?
False
Does 10 divide 1515?
False
Is 18 a factor of 284?
False
Is 363 a multiple of 121?
True
Does 29 divide 348?
True
Is 95 a factor of 247?
False
Is 29 a factor of 1389?
False
Is 2616 a multiple of 12?
True
Is 1152 a multiple of 18?
True
Does 17 divide 286?
False
Is 135 a multiple of 2?
False
Does 14 divide 109242?
True
Does 11 divide 1216?
False
Is 18142 a multiple of 193?
True
Is 116836 a multiple of 86?
False
Is 4 a factor of 400?
True
Is 45056 a multiple of 170?
False
Is 4138 a multiple of 43?
False
Is 81468 a multiple of 18?
True
Is 11 a factor of 240?
False
Does 5 divide 26365?
True
Is 18 a factor of 2609?
False
Does 29 divide 8359?
False
Does 17 divide 1538?
False
Is 104 a factor of 5824?
True
Is 8280 a multiple of 18?
True
Is 15589 a multiple of 17?
True
Does 50 divide 5143?
False
Does 79 divide 3397?
True
Is 60 a multiple of 12?
True
Is 12 a factor of 340?
False
Is 737 a multiple of 3?
False
Does 67 divide 6334?
False
Is 78 a multiple of 4?
False
Is 92 a factor of 6056?
False
Is 4070 a multiple of 22?
True
Is 372 a factor of 51237?
False
Does 6 divide 2160?
True
Is 16508 a multiple of 152?
False
Is 27 a factor of 897?
False
Does 24 divide 5117?
False
Is 6641 a multiple of 43?
False
Is 24 a factor of 34152?
True
Is 106 a factor of 1035?
False
Does 113 divide 15579?
False
Is 26 a factor of 546?
True
Does 30 divide 864?
False
Is 99 a factor of 693?
True
Does 25 divide 25?
True
Is 1753 a multiple of 35?
False
Is 4554 a multiple of 33?
True
Does 16 divide 3152?
True
Is 27 a factor of 2856?
False
Is 2 a factor of 703?
False
Is 5453 a multiple of 19?
True
Is 21281 a multiple of 13?
True
Is 7 a factor of 318?
False
Is 3466 a multiple of 28?
False
Is 422 a multiple of 9?
False
Is 731 a multiple of 30?
False
Does 23 divide 941?
False
Is 53 a factor of 548?
False
Is 1980 a multiple of 4?
True
Is 139 a factor of 91184?
True
Does 9 divide 3115?
False
Is 99 a factor of 71082?
True
Is 24 a factor of 425?
False
Is 47255 a multiple of 13?
True
Is 36 a factor of 792?
True
Is 9 a factor of 8835?
False
Is 10790 a multiple of 65?
True
Does 39 divide 9138?
False
Is 4 a factor of 72?
True
Is 431 a multiple of 13?
False
Is 275 a multiple of 9?
False
Does 12 divide 8568?
True
Does 12 divide 7027?
False
Is 111 a factor of 40204?
False
Is 1440 a multiple of 8?
True
Is 36 a factor of 21715?
False
Does 10 divide 422?
False
Is 1419 a multiple of 43?
True
Is 1931 a multiple of 3?
False
Is 1216 a multiple of 52?
False
Is 1600 a multiple of 22?
False
Is 39 a factor of 2730?
True
Does 60 divide 9960?
True
Is 1980 a multiple of 29?
False
Does 7 divide 137?
False
Is 16 a factor of 2185?
False
Is 102 a factor of 15606?
True
Is 18120 a multiple of 253?
False
Is 3024 a multiple of 36?
True
Does 5 divide 4637?
False
Does 4 divide 6151?
False
Is 180 a multiple of 60?
True
Is 4 a factor of 44?
True
Is 82815 a multiple of 30?
False
Is 2306 a multiple of 17?
False
Does 130 divide 36790?
True
Is 18422 a multiple of 61?
True
Does 45 divide 990?
True
Is 21 a factor of 754?
False
Is 39 a factor of 453?
False
Does 337 divide 8085?
False
Is 27216 a multiple of 27?
True
Is 14 a factor of 434?
True
Is 19 a factor of 455?
False
Is 1588 a multiple of 76?
False
Is 20 a factor of 2677?
False
Is 276 a multiple of 3?
True
Does 6 divide 9930?
True
Is 414 a multiple of 86?
False
Is 17 a factor of 1256?
False
Does 14 divide 86996?
True
Is 864 a multiple of 10?
False
Does 139 divide 278?
True
Is 1288 a multiple of 14?
True
Is 2120 a multiple of 93?
False
Is 39 a multiple of 3?
True
Is 6 a factor of 8310?
True
Is 88 a factor of 13552?
True
Does 11 divide 588?
False
Is 957 a multiple of 12?
False
Does 11 divide 1188?
True
Is 30 a factor of 450?
True
Is 6555 a multiple of 10?
False
Does 5 divide 7501?
False
Is 10 a factor of 430?
True
Is 11 a factor of 21641?
False
Is 51 a factor of 714?
True
Does 27 divide 1350?
True
Is 24 a factor of 36255?
False
Does 64 divide 70877?
False
Does 15 divide 2873?
False
Does 59 divide 88133?
False
Is 1408 a multiple of 22?
True
Does 11 divide 21648?
True
Does 9 divide 475?
False
Does 19 divide 5045?
False
Is 38113 a multiple of 288?
False
Does 37 divide 38034?
False
Is 14050 a multiple of 5?
True
Does 7 divide 3556?
True
Is 110 a factor of 440?
True
Does 29 divide 859?
False
Does 17 divide 68393?
False
Is 2664 a multiple of 6?
True
Is 306 a multiple of 37?
False
Is 25 a factor of 675?
True
Does 6 divide 506?
False
Is 15 a factor of 16941?
False
Is 11 a factor of 1041?
False
Is 22 a factor of 4499?
False
Does 7 divide 14?
True
Does 7 divide 26473?
False
Is 1880 a multiple of 4?
True
Does 16 divide 157?
False
Does 365 divide 71664?
False
Is 19511 a multiple of 127?
False
Is 720 a multiple of 5?
True
Is 4978 a multiple of 38?
True
Is 9 a factor of 1193?
False
Does 8 divide 1368?
True
Is 324 a factor of 11988?
True
Is 128 a factor of 41344?
True
Is 9339 a multiple of 34?
False
Is 50 a factor of 6300?
True
Is 1513 a multiple of 89?
True
Does 2 divide 81?
False
Is 15 a factor of 45?
True
Is 1224 a multiple of 17?
True
Is 256 a factor of 76288?
True
Is 2673 a multiple of 243?
True
Does 6 divide 164?
False
Is 3 a factor of 1968?
True
Is 1763 a multiple of 5?
False
Does 58 divide 6606?
False
Is 49 a factor of 27881?
True
Is 76 a factor of 4560?
True
Does 12 divide 1077?
False
Is 17562 a multiple of 157?
False
Is 18 a factor of 10782?
True
Is 1608 a multiple of 12?
True
Is 3565 a multiple of 5?
True
Is 87 a factor of 7308?
True
Is 25902 a multiple of 7?
False
Is 156 a factor of 1872?
True
Is 30 a factor of 3462?
False
Is 21 a factor of 399?
True
Is 20985 a multiple of 134?
False
Is 13 a factor of 1885?
True
Is 7 a factor of 133?
True
Does 3 divide 588?
True
Is 375 a multiple of 5?
True
Is 11 a factor of 20189?
False
Is 918 a multiple of 34?
True
Is 2304 a multiple of 23?
False
Does 22 divide 601?
False
Does 146 divide 9516?
False
Does 27 divide 158?
False
Is 27207 a multiple of 17?
False
Does 21 divide 3381?
True
Does 7 divide 3058?
False
Does 22 divide 15532?
True
Is 2266 a multiple of 11?
True
Is 427